*3 - 7*n**2 - 3*n - 1. Let d(z) = 4*j(z) - 11*q(z). Determine d(-6).
5
Suppose 18 = 4*m + 5*h - 3, -3*m = -5*h + 28. Let d(p) = 3*p**2 + 2*p + 1. What is d(m)?
2
Let x be (4/2 - 0) + 19. Suppose -k - 3*k = n + 15, 0 = -5*k + n - x. Let w(o) = o + 5. Calculate w(k).
1
Let d(n) = n + 7. Let z be -1*4 + (-6)/(2/1). What is d(z)?
0
Let f(h) = h**2 - 6*h + 8. Suppose -25*o = -30*o + 30. Calculate f(o).
8
Suppose 2*h = -3*x - 12, -4 = h - 1. Let s(r) be the first derivative of -r**4/4 - 4*r**3/3 - 2*r**2 - 3*r + 1. What is s(x)?
-3
Let f(r) = -2*r**3 - 4*r**2 - 3*r - 1. Let n = -1 + 2. Let y be -3 - (2/(-1) + n). Give f(y).
5
Let v(a) = 2*a. Let j(b) = -b. Let s(n) = j(n) + v(n). Let g(h) = 16*h + 24*h - 45*h. Let f(c) = -g(c) - 6*s(c). Calculate f(0).
0
Let s(o) be the second derivative of 3*o**3 - 2*o + o**3 - 5*o**3. Calculate s(-1).
6
Let s(c) be the first derivative of c**2 - 3*c - 9. Determine s(7).
11
Let t = -1 + 5. Let f(c) = c + 2*c**2 + 2 + 4 - t + c. Calculate f(-3).
14
Let g(k) = k**3 - 2*k**2 + 2*k - 3. Let b be (4/6)/((-2)/(-15)). Suppose -4*t - 17 = -3*w - 53, -t + b*w + 26 = 0. Suppose -2*f + t = f. Give g(f).
1
Let f(q) = -3*q + 1. Let m be f(0). Let h(o) = -2*o. What is h(m)?
-2
Let s = -23 - -25. Let f(k) = k**3 - 3*k**2 - 2. What is f(s)?
-6
Let v(z) be the third derivative of -z**6/360 + z**4/12 + z**3 - 9*z**2. Let x(t) be the first derivative of v(t). What is x(-2)?
-2
Suppose -2*q + q = 7. Let g(k) = -k - 2. Let i be g(q). Let d(z) = 3*z + 8 - i*z + 4*z + z**2 - 3*z. What is d(0)?
8
Let u be (-8)/(-6)*(-15)/(-2). Let a = u + -8. Let b(t) = -2 - 3*t + 3 - 2. What is b(a)?
-7
Let v(a) = 4*a + 3 + 0 - 6 - 6*a. Let w = 23 - 28. Determine v(w).
7
Let q(y) = 4*y - 47*y**2 + 3 - 2 + 49*y**2. Give q(-3).
7
Let d(t) = -t**3 + t**2 + t + 4. Suppose 0 = -5*s + 3*h + 3, s - 5*h + 2 = 7. What is d(s)?
4
Suppose -5*g + i = 52, 2*g - 5*g - i - 36 = 0. Let m = g - -8. Let b(z) = -2*z - 2. What is b(m)?
4
Let b(n) = -n**2 + 1. Let w(g) = -3*g**2 + 3*g + 10. Let q(f) = -4*b(f) + w(f). Calculate q(-5).
16
Let r(x) = -x - 2. Suppose 4*b = -2*f + 14, 0 = -b + 3*b - 3*f - 19. Suppose 0 = 2*a - 2, b*m = a + 2*a + 12. What is r(m)?
-5
Let y = 5 - 4. Let x = 1 - y. Let p(q) = -5*q + 6*q + 3 + x + 4*q. What is p(-2)?
-7
Let p(a) = -3*a**3 + 1. Let r(i) = 2*i**3 - 4*i**2 + i + 2. Let c be r(2). Suppose -c*u + 3 = -7*u. Calculate p(u).
4
Let m(s) be the first derivative of -s - 1/4*s**4 - 4 + 1/3*s**3 - 1/2*s**2. Determine m(2).
-7
Suppose -11 = 4*p - 7. Let z(h) = 2*h**2 - h - 1. Give z(p).
2
Let t(i) = -i**2 + 6. Let y(q) = -11 + 13*q - 1 + 10*q**2 - q**3 + q**2. Let j be y(12). Calculate t(j).
6
Let b(a) = 3*a**2 + 1. Let h be b(1). Let x = h + -2. Let c(w) = 2*w**2 - 4*w + 3. Determine c(x).
3
Let q(b) = -2*b + 1. Let m(i) = i - 3. Let h(l) = 2*l - 5. Let d(s) = -2*h(s) + 5*m(s). Let g be -2 + (0 - 2) + 10. Let u be d(g). Determine q(u).
-1
Let h(x) = x**2 + 14*x + 10. Let p(c) = -c**2 - 15*c - 11. Let j(t) = -7*h(t) - 6*p(t). Give j(-5).
11
Let t(a) = a + 12. Let g be t(-9). Suppose -g*q + 20 = q. Let r(h) = h - h + h + q*h - 3. Calculate r(2).
9
Let u(x) be the second derivative of -x**4/12 - 7*x**3/6 - x**2 - 14*x. Determine u(-6).
4
Suppose 0*y + y = -3*b + 15, y = 3. Let t(s) = s**3 - 5*s**2 + s. Let g(z) = -z**3 + 5*z**2. Suppose -5*n = 5 - 20. Let x(c) = n*t(c) + 2*g(c). Give x(b).
-4
Let t = -63 + 60. Let a(q) = q**3 + 4*q**2 + 3*q + 2. Determine a(t).
2
Let a(j) be the third derivative of -j**5/20 + j**4/12 + 2*j**3/3 - j**2. Let k(b) = 5*b**2 - 4*b - 7. Let n(y) = -7*a(y) - 4*k(y). Give n(-2).
0
Let p(w) = w - 1. Suppose -u - 3 = -4*u. Let t(r) = r**2 + 6*r. Let b(h) = u*t(h) - 5*p(h). Determine b(0).
5
Let n be 2/4*-2 - -1. Let a be (-6)/((0 - n) + 1). Let u(j) = j**3 + 7*j**2 + 6*j - 4. Give u(a).
-4
Let v(m) = -m - 7. Let p be v(-8). Let o(q) = 6*q**3 - 5*q**2 + 3*q - 2. Let n(d) = d**2 - d + 1. Let w = 2 + -1. Let i(b) = w*o(b) + 3*n(b). Determine i(p).
5
Suppose 0 = 3*t + 8 - 20. Let m = 9 - t. Let c(p) = p**3 - 6*p**2 + 5*p. What is c(m)?
0
Let m(z) = -11*z**3 + 2*z + 1. Suppose -5*x + 27 = -p, 5*p + x = -x. Let g = 1 + p. Calculate m(g).
10
Let u(m) be the first derivative of -m**2 - 4*m - 11. Give u(-6).
8
Suppose -3*a = 3*k + 18, -2*k = -5*a + 2 - 4. Let f(u) = -u**3 - 2*u**2 + u. Calculate f(a).
-2
Let a(f) = f - 1. Let t(p) = -2*p**2 - 8*p + 10. Let y(o) = 12*a(o) + t(o). Give y(2).
-2
Let w(x) = -5*x**3 + 13*x**2 + 12*x - 4. Let c(n) = -14*n**3 + 38*n**2 + 35*n - 12. Let y(i) = 6*c(i) - 17*w(i). Let d be 16/6*(-9)/4. Determine y(d).
-4
Let r(t) = -t**2 - 3*t - 4. Suppose q - 2*q = 4. Let w(o) = o**2 + 5*o + 1. Let z be w(q). What is r(z)?
-4
Let m(b) = -b**2 + 5*b - 5. Suppose 0 = -4*h - 4 + 12. Suppose -t - 30 = -3*g - h, -g - 5*t = 12. Suppose 2*y = -0*y + g. Determine m(y).
-1
Let l = -8 + 32. Let f = -26 + l. Let u(m) = 2*m - 2. What is u(f)?
-6
Let w(q) be the third derivative of q**5/60 - 7*q**4/24 - q**3/6 + 17*q**2. Calculate w(6).
-7
Let t(g) = g**3 - g**2 + g + 1. Let k(x) = -5*x**3 + 5*x**2 - 5*x - 2. Let f(j) = -k(j) - 6*t(j). Let q = -2 + 2. What is f(q)?
-4
Let p = 19 - 14. Let x = p - 0. Let b(g) = -g**2 + 5*g + 4. Give b(x).
4
Let b be (-11 - -5)/((-2)/1). Let r(f) = -2*f**2 + 4*f. Determine r(b).
-6
Let k(c) be the first derivative of -c**3/6 + c**2/2 + 3*c + 1. Let q(x) be the first derivative of k(x). Let w be (-10)/45 + (-33)/(-27). What is q(w)?
0
Let k(x) = x**3 + 5*x**2 - 6*x + 3. Let z be k(-6). Let u(w) = 3 - 4 - 2*w + w + 9*w**z. What is u(-1)?
-9
Let d(f) = -f**3 + 5*f**2 + 5*f + 8. Let j be (4 - (1 + 2))*1. Suppose 3 + j = t. Suppose -3*o - 3*l = -27, -t*o + 18 = -2*l - 0*l. What is d(o)?
2
Let o be (-3 - -5) + (-6)/(-3). Let i(q) = q**3 - 4*q**2 - q - 3. Determine i(o).
-7
Let g(l) = 4*l**3 - l**2 - 10*l + 5. Let d be 35/(-14) - 2/4. Let j(y) = y**3 + y**2 - y. Let w(m) = d*j(m) + g(m). What is w(5)?
-5
Let v(x) = -x - 1. Let i be v(-1). Suppose 3*t + t + 12 = u, i = -4*u + 16. Let w(o) = 5*o + 2. What is w(t)?
-8
Let g(v) be the third derivative of 0*v + 0 + 0*v**3 + 0*v**4 - 1/20*v**6 - v**2 - 1/60*v**5. Suppose -2*y + 3*y = -3*k + 13, -2*y - 6 = -2*k. Determine g(y).
-7
Suppose 4*d - 3*l = 4, 4*d + 3*l + 0*l = 28. Suppose -2*s + 0 = -d. Suppose -2*m + 4*m = s. Let g(b) = -6*b**3 - b**2 - b + 1. Give g(m).
-7
Let t(d) = 3*d**3 - 5*d**2 + 4*d - 3. Let p = 11 - 8. Let n be t(p). Suppose -5*j + 5*s = 0, 5*j - j - n = -5*s. Let u(v) = -v - 1. Give u(j).
-6
Let x(o) = 2*o**2 - 14*o + 22. Let p be x(3). Let y(q) = -4*q**2 + 2*q + 3. Determine y(p).
-17
Let z = -17 + 23. Let l(t) = t**2 - 2*t - 9. Let n(p) = p**2 - 3*p - 8. Let c(w) = -3*l(w) + 4*n(w). Let x be c(z). Let g(a) = a + 3. What is g(x)?
-2
Suppose -5*n + 0*z = 4*z + 15, -2*z = 0. Let t(s) be the first derivative of -s**3/3 - 3*s**2/2 - 2*s - 24. Calculate t(n).
-2
Let r = -9 - -10. Let s(h) be the third derivative of h**6/240 + h**5/120 + h**4/8 + 2*h**2. Let g(w) be the second derivative of s(w). Give g(r).
4
Let z(h) be the second derivative of h + 0 - 1/6*h**3 + 3/2*h**2 - 1/4*h**4 + 1/20*h**5. Determine z(4).
15
Let c(l) be the first derivative of -13*l**3/3 - l**2 - l - 11. Determine c(-1).
-12
Let j(t) = -2*t**3 + 5*t**2 - 2*t - 1. Let g(z) = 2*z**3 - 5*z**2 + 2*z + 1. Let o(u) = -5*g(u) - 4*j(u). Give o(3).
-16
Let l(s) = s**2 - 4*s + 1. Let p be l(3). Let r(i) = -i - 1. Let w(t) = -t**3 + t**2 - t - 2. Let h(n) = 4*r(n) - w(n). Give h(p).
-8
Suppose 2*k - 35 = -5*u + 21, u = 2*k - 44. Suppose -4*q = -3 + k. Let a(h) = h**3 + 4*h**2 - 5*h + 2. Give a(q).
2
Let x = 3 + 1. Let t(o) = -o - x*o + 2 + o**3 + 6*o - o**2. Let m = -4 - -6. Give t(m).
8
Let h(d) = d**3 - 4*d**2 - 5. Suppose -6 = -4*c + 34. Let p = -6 + c. Give h(p).
-5
Let n be 4*(-4)/8 + -3. Let d(f) = 5*f + 7. Determine d(n).
-18
Let z(u) = u**2 - 5*u + 7. Let y(l) = -3*l**2 + 11*l - 15. Let c(k) = -6*y(k) - 13*z(k). Suppose -5*s + 0*s = 4*v + 9, -4*v = 2*s + 6. What is c(s)?
5
Let i be 6/(-9) + 141/9. Suppose -o = -4*l - 9, i = -5*l - 0*l + 5*o. Let v(z) = -2 - 2 + 2*z + 3. What is v(l)?
-5
Let r(w) = 0*w**2 + 3*w + 3*w**2 - 2 - 5*w**2 + 3*w**2. Determine r(-3).
-2
Let n(c) = 2*c - 3*c - 2 + 3 + 0. Determine n(7).
-6
Let f(s) = 2 - s**2 - 7 + 3 - 3*s + 3. Calculate f(2